{"id":386,"date":"2024-04-09T13:31:31","date_gmt":"2024-04-09T12:31:31","guid":{"rendered":"https:\/\/yucelgulec.co.uk\/?page_id=386"},"modified":"2025-06-21T13:08:26","modified_gmt":"2025-06-21T12:08:26","slug":"photography","status":"publish","type":"page","link":"https:\/\/yucelgulec.co.uk\/index.php\/home\/photography\/","title":{"rendered":"photography"},"content":{"rendered":"\t\t<div data-elementor-type=\"wp-page\" data-elementor-id=\"386\" class=\"elementor elementor-386\" data-elementor-post-type=\"page\">\n\t\t\t\t\t\t<section class=\"elementor-section elementor-top-section elementor-element elementor-element-6c5d504 elementor-section-height-min-height elementor-section-boxed elementor-section-height-default elementor-section-items-middle\" data-id=\"6c5d504\" data-element_type=\"section\" data-settings=\"{&quot;background_background&quot;:&quot;classic&quot;}\">\n\t\t\t\t\t\t<div class=\"elementor-container elementor-column-gap-default\">\n\t\t\t\t\t<div class=\"elementor-column elementor-col-100 elementor-top-column elementor-element elementor-element-1983107\" data-id=\"1983107\" data-element_type=\"column\">\n\t\t\t<div class=\"elementor-widget-wrap elementor-element-populated\">\n\t\t\t\t\t\t<div class=\"elementor-element elementor-element-92de279 elementor-widget__width-inherit elementor-widget elementor-widget-image\" data-id=\"92de279\" data-element_type=\"widget\" data-widget_type=\"image.default\">\n\t\t\t\t\t\t\t\t\t\t\t\t\t\t\t<img fetchpriority=\"high\" decoding=\"async\" width=\"1984\" height=\"1403\" src=\"https:\/\/yucelgulec.co.uk\/wp-content\/uploads\/2025\/06\/tile1.png\" class=\"attachment-full size-full wp-image-1101\" alt=\"\" srcset=\"https:\/\/yucelgulec.co.uk\/wp-content\/uploads\/2025\/06\/tile1.png 1984w, https:\/\/yucelgulec.co.uk\/wp-content\/uploads\/2025\/06\/tile1-300x212.png 300w, https:\/\/yucelgulec.co.uk\/wp-content\/uploads\/2025\/06\/tile1-1024x724.png 1024w, https:\/\/yucelgulec.co.uk\/wp-content\/uploads\/2025\/06\/tile1-768x543.png 768w, https:\/\/yucelgulec.co.uk\/wp-content\/uploads\/2025\/06\/tile1-1536x1086.png 1536w\" sizes=\"(max-width: 1984px) 100vw, 1984px\" \/>\t\t\t\t\t\t\t\t\t\t\t\t\t\t\t<\/div>\n\t\t\t\t<div class=\"elementor-element elementor-element-d806694 elementor-widget elementor-widget-spacer\" data-id=\"d806694\" data-element_type=\"widget\" data-widget_type=\"spacer.default\">\n\t\t\t\t\t\t\t<div class=\"elementor-spacer\">\n\t\t\t<div class=\"elementor-spacer-inner\"><\/div>\n\t\t<\/div>\n\t\t\t\t\t\t<\/div>\n\t\t\t\t<section class=\"elementor-section elementor-inner-section elementor-element elementor-element-59ccdf2 elementor-section-boxed elementor-section-height-default elementor-section-height-default\" data-id=\"59ccdf2\" data-element_type=\"section\">\n\t\t\t\t\t\t<div class=\"elementor-container elementor-column-gap-default\">\n\t\t\t\t\t<div class=\"elementor-column elementor-col-25 elementor-inner-column elementor-element elementor-element-375c607\" data-id=\"375c607\" data-element_type=\"column\">\n\t\t\t<div class=\"elementor-widget-wrap elementor-element-populated\">\n\t\t\t\t\t\t<div class=\"elementor-element elementor-element-f7980e0 elementor-align-center elementor-widget__width-initial elementor-mobile-align-justify elementor-widget elementor-widget-button\" data-id=\"f7980e0\" data-element_type=\"widget\" data-settings=\"{&quot;sticky&quot;:&quot;top&quot;,&quot;sticky_on&quot;:[&quot;desktop&quot;,&quot;tablet&quot;],&quot;sticky_offset&quot;:0,&quot;sticky_effects_offset&quot;:0}\" data-widget_type=\"button.default\">\n\t\t\t\t\t\t\t\t\t\t<a class=\"elementor-button elementor-button-link elementor-size-sm\" href=\"https:\/\/yucelgulec.co.uk\/\">\n\t\t\t\t\t\t<span class=\"elementor-button-content-wrapper\">\n\t\t\t\t\t\t\t\t\t<span class=\"elementor-button-text\">back<\/span>\n\t\t\t\t\t<\/span>\n\t\t\t\t\t<\/a>\n\t\t\t\t\t\t\t\t<\/div>\n\t\t\t\t<div class=\"elementor-element elementor-element-2979bd3 elementor-align-center elementor-widget__width-initial elementor-mobile-align-justify elementor-widget elementor-widget-button\" data-id=\"2979bd3\" data-element_type=\"widget\" data-settings=\"{&quot;sticky&quot;:&quot;top&quot;,&quot;sticky_on&quot;:[&quot;desktop&quot;,&quot;tablet&quot;],&quot;sticky_offset&quot;:146,&quot;sticky_effects_offset&quot;:82}\" data-widget_type=\"button.default\">\n\t\t\t\t\t\t\t\t\t\t<a class=\"elementor-button elementor-button-link elementor-size-sm\" href=\"#112233\" othermens=\"\">\n\t\t\t\t\t\t<span class=\"elementor-button-content-wrapper\">\n\t\t\t\t\t\t\t\t\t<span class=\"elementor-button-text\">other men's<\/span>\n\t\t\t\t\t<\/span>\n\t\t\t\t\t<\/a>\n\t\t\t\t\t\t\t\t<\/div>\n\t\t\t\t<div class=\"elementor-element elementor-element-2bb08b5 elementor-align-center elementor-widget__width-initial elementor-mobile-align-justify elementor-widget elementor-widget-button\" data-id=\"2bb08b5\" data-element_type=\"widget\" id=\"othermens\" data-settings=\"{&quot;sticky&quot;:&quot;top&quot;,&quot;sticky_on&quot;:[&quot;desktop&quot;,&quot;tablet&quot;],&quot;sticky_offset&quot;:69,&quot;sticky_effects_offset&quot;:82}\" data-widget_type=\"button.default\">\n\t\t\t\t\t\t\t\t\t\t<a class=\"elementor-button elementor-button-link elementor-size-sm\" href=\"#12234\" othermens=\"\">\n\t\t\t\t\t\t<span class=\"elementor-button-content-wrapper\">\n\t\t\t\t\t\t\t\t\t<span class=\"elementor-button-text\">flowers from my mother's garden<\/span>\n\t\t\t\t\t<\/span>\n\t\t\t\t\t<\/a>\n\t\t\t\t\t\t\t\t<\/div>\n\t\t\t\t\t<\/div>\n\t\t<\/div>\n\t\t\t\t<div class=\"elementor-column elementor-col-25 elementor-inner-column elementor-element elementor-element-0b5e399\" data-id=\"0b5e399\" data-element_type=\"column\">\n\t\t\t<div class=\"elementor-widget-wrap elementor-element-populated\">\n\t\t\t\t\t\t<div class=\"elementor-element elementor-element-815c04f elementor-mobile-align-center elementor-widget elementor-widget-button\" data-id=\"815c04f\" data-element_type=\"widget\" data-settings=\"{&quot;sticky&quot;:&quot;top&quot;,&quot;sticky_on&quot;:[&quot;desktop&quot;,&quot;tablet&quot;],&quot;sticky_offset&quot;:0,&quot;sticky_effects_offset&quot;:0}\" data-widget_type=\"button.default\">\n\t\t\t\t\t\t\t\t\t\t<a class=\"elementor-button elementor-button-link elementor-size-sm\" href=\"http:\/\/yucelgulec.co.uk#\">\n\t\t\t\t\t\t<span class=\"elementor-button-content-wrapper\">\n\t\t\t\t\t\t\t\t\t<span class=\"elementor-button-text\">y\u00fccel g\u00fcle\u00e7<\/span>\n\t\t\t\t\t<\/span>\n\t\t\t\t\t<\/a>\n\t\t\t\t\t\t\t\t<\/div>\n\t\t\t\t\t<\/div>\n\t\t<\/div>\n\t\t\t\t<div class=\"elementor-column elementor-col-25 elementor-inner-column elementor-element elementor-element-6ccb520\" data-id=\"6ccb520\" data-element_type=\"column\">\n\t\t\t<div class=\"elementor-widget-wrap elementor-element-populated\">\n\t\t\t\t\t\t<div class=\"elementor-element elementor-element-03ab8c4 elementor-align-center elementor-widget__width-initial elementor-mobile-align-justify elementor-widget elementor-widget-button\" data-id=\"03ab8c4\" data-element_type=\"widget\" data-settings=\"{&quot;sticky&quot;:&quot;top&quot;,&quot;sticky_on&quot;:[&quot;desktop&quot;,&quot;tablet&quot;],&quot;sticky_offset&quot;:0,&quot;sticky_effects_offset&quot;:0}\" data-widget_type=\"button.default\">\n\t\t\t\t\t\t\t\t\t\t<a class=\"elementor-button elementor-button-link elementor-size-sm\" href=\"https:\/\/yucelgulec.co.uk\/index.php\/home\/cv\/\">\n\t\t\t\t\t\t<span class=\"elementor-button-content-wrapper\">\n\t\t\t\t\t\t\t\t\t<span class=\"elementor-button-text\">cv<\/span>\n\t\t\t\t\t<\/span>\n\t\t\t\t\t<\/a>\n\t\t\t\t\t\t\t\t<\/div>\n\t\t\t\t\t<\/div>\n\t\t<\/div>\n\t\t\t\t<div class=\"elementor-column elementor-col-25 elementor-inner-column elementor-element elementor-element-b3db124\" data-id=\"b3db124\" data-element_type=\"column\">\n\t\t\t<div class=\"elementor-widget-wrap elementor-element-populated\">\n\t\t\t\t\t\t<div class=\"elementor-element elementor-element-b8fa9b3 elementor-align-center elementor-widget__width-initial elementor-hidden-desktop elementor-hidden-tablet elementor-hidden-mobile elementor-widget elementor-widget-button\" data-id=\"b8fa9b3\" data-element_type=\"widget\" data-settings=\"{&quot;sticky&quot;:&quot;top&quot;,&quot;sticky_on&quot;:[&quot;desktop&quot;,&quot;tablet&quot;],&quot;sticky_offset&quot;:0,&quot;sticky_effects_offset&quot;:0}\" data-widget_type=\"button.default\">\n\t\t\t\t\t\t\t\t\t\t<a class=\"elementor-button elementor-button-link elementor-size-sm\" href=\"#elementor-action%3Aaction%3Dpopup%3Aopen%26settings%3DeyJpZCI6IjUzNyIsInRvZ2dsZSI6ZmFsc2V9\">\n\t\t\t\t\t\t<span class=\"elementor-button-content-wrapper\">\n\t\t\t\t\t\t\t\t\t<span class=\"elementor-button-text\">projects<\/span>\n\t\t\t\t\t<\/span>\n\t\t\t\t\t<\/a>\n\t\t\t\t\t\t\t\t<\/div>\n\t\t\t\t\t<\/div>\n\t\t<\/div>\n\t\t\t\t\t<\/div>\n\t\t<\/section>\n\t\t\t\t\t<\/div>\n\t\t<\/div>\n\t\t\t\t\t<\/div>\n\t\t<\/section>\n\t\t<div class=\"elementor-element elementor-element-219fa9d e-flex e-con-boxed e-con e-parent\" data-id=\"219fa9d\" data-element_type=\"container\" data-settings=\"{&quot;background_background&quot;:&quot;classic&quot;}\">\n\t\t\t\t\t<div class=\"e-con-inner\">\n\t\t<div class=\"elementor-element elementor-element-845eff9 e-flex e-con-boxed e-con e-child\" data-id=\"845eff9\" data-element_type=\"container\">\n\t\t\t\t\t<div class=\"e-con-inner\">\n\t\t\t\t<div class=\"elementor-element elementor-element-d22c5a3 elementor-widget__width-inherit elementor-widget elementor-widget-image\" data-id=\"d22c5a3\" data-element_type=\"widget\" data-widget_type=\"image.default\">\n\t\t\t\t\t\t\t\t\t\t\t\t\t\t\t<img decoding=\"async\" width=\"1280\" height=\"720\" src=\"https:\/\/yucelgulec.co.uk\/wp-content\/uploads\/2025\/06\/tile2.png\" class=\"attachment-full size-full wp-image-1096\" alt=\"\" srcset=\"https:\/\/yucelgulec.co.uk\/wp-content\/uploads\/2025\/06\/tile2.png 1280w, https:\/\/yucelgulec.co.uk\/wp-content\/uploads\/2025\/06\/tile2-300x169.png 300w, https:\/\/yucelgulec.co.uk\/wp-content\/uploads\/2025\/06\/tile2-1024x576.png 1024w, https:\/\/yucelgulec.co.uk\/wp-content\/uploads\/2025\/06\/tile2-768x432.png 768w\" sizes=\"(max-width: 1280px) 100vw, 1280px\" \/>\t\t\t\t\t\t\t\t\t\t\t\t\t\t\t<\/div>\n\t\t\t\t\t<\/div>\n\t\t\t\t<\/div>\n\t\t\t\t<div class=\"elementor-element elementor-element-f7084d7 elementor-widget__width-initial elementor-widget elementor-widget-text-editor\" data-id=\"f7084d7\" data-element_type=\"widget\" data-widget_type=\"text-editor.default\">\n\t\t\t\t\t\t\t\t\t<h6><span style=\"color: #ffffff;\"><b>23rd<\/b><strong> march 1998 was the day i received my first camera; it wasn&#8217;t absolutely by chance &#8211; to avoid a disappointed kid on birthdays, my mother would suggest i select three items from the Index catalogue, resulting in the end gift being somewhat of a surprise. but I still like to think of it as kismet. <\/strong><\/span><\/h6><h6><span style=\"color: #ffffff;\"><strong>my camera soon became my magic eight ball &#8211; providing an opportunity to make sense of those big questions &#8211; abstract concepts that were too complex to turn into an intelligible query. I shot roll after roll with my regular subject matter of BBQ fires, slugs and moths, but soon progressed to photographing people. <\/strong><\/span><\/h6><h6><span style=\"color: #ffffff;\"><strong>i decided to inflict torture to my year five classmates and teacher, mr gordon, and take all their portraits. To say that I was pleased with the results was an understatement. But it wasn&#8217;t until I started taking impromptu images to see the true magic of photography &#8211; the ability to freeze time and capture tension. <\/strong><\/span><\/h6><h6><span style=\"color: #ffffff;\"><strong>every image I&#8217;ve made since has depicted both the human and natural world, while reflecting myself\u2014a self-portrait.<\/strong><\/span><\/h6>\t\t\t\t\t\t\t\t<\/div>\n\t\t\t\t\t<\/div>\n\t\t\t\t<\/div>\n\t\t<div class=\"elementor-element elementor-element-81492c1 e-flex e-con-boxed e-con e-parent\" data-id=\"81492c1\" data-element_type=\"container\" data-settings=\"{&quot;background_background&quot;:&quot;classic&quot;}\">\n\t\t\t\t\t<div class=\"e-con-inner\">\n\t\t<div class=\"elementor-element elementor-element-3a49ecd e-flex e-con-boxed e-con e-child\" data-id=\"3a49ecd\" data-element_type=\"container\">\n\t\t\t\t\t<div class=\"e-con-inner\">\n\t\t\t\t<div class=\"elementor-element elementor-element-4df68e7 elementor-widget elementor-widget-image\" data-id=\"4df68e7\" data-element_type=\"widget\" data-widget_type=\"image.default\">\n\t\t\t\t\t\t\t\t\t\t\t\t\t\t\t<img decoding=\"async\" width=\"1536\" height=\"864\" src=\"https:\/\/yucelgulec.co.uk\/wp-content\/uploads\/2025\/06\/tile3.png\" class=\"attachment-full size-full wp-image-1098\" alt=\"\" srcset=\"https:\/\/yucelgulec.co.uk\/wp-content\/uploads\/2025\/06\/tile3.png 1536w, https:\/\/yucelgulec.co.uk\/wp-content\/uploads\/2025\/06\/tile3-300x169.png 300w, https:\/\/yucelgulec.co.uk\/wp-content\/uploads\/2025\/06\/tile3-1024x576.png 1024w, https:\/\/yucelgulec.co.uk\/wp-content\/uploads\/2025\/06\/tile3-768x432.png 768w\" sizes=\"(max-width: 1536px) 100vw, 1536px\" \/>\t\t\t\t\t\t\t\t\t\t\t\t\t\t\t<\/div>\n\t\t\t\t\t<\/div>\n\t\t\t\t<\/div>\n\t\t\t\t<div class=\"elementor-element elementor-element-536d472 elementor-widget elementor-widget-image\" data-id=\"536d472\" data-element_type=\"widget\" data-widget_type=\"image.default\">\n\t\t\t\t\t\t\t\t\t\t\t\t\t\t\t<img loading=\"lazy\" decoding=\"async\" width=\"1536\" height=\"864\" src=\"https:\/\/yucelgulec.co.uk\/wp-content\/uploads\/2025\/06\/tile5.png\" class=\"attachment-full size-full wp-image-1100\" alt=\"\" srcset=\"https:\/\/yucelgulec.co.uk\/wp-content\/uploads\/2025\/06\/tile5.png 1536w, https:\/\/yucelgulec.co.uk\/wp-content\/uploads\/2025\/06\/tile5-300x169.png 300w, https:\/\/yucelgulec.co.uk\/wp-content\/uploads\/2025\/06\/tile5-1024x576.png 1024w, https:\/\/yucelgulec.co.uk\/wp-content\/uploads\/2025\/06\/tile5-768x432.png 768w\" sizes=\"(max-width: 1536px) 100vw, 1536px\" \/>\t\t\t\t\t\t\t\t\t\t\t\t\t\t\t<\/div>\n\t\t\t\t<div class=\"elementor-element elementor-element-797328f elementor-widget elementor-widget-image\" data-id=\"797328f\" data-element_type=\"widget\" data-widget_type=\"image.default\">\n\t\t\t\t\t\t\t\t\t\t\t\t\t\t\t<img loading=\"lazy\" decoding=\"async\" width=\"1280\" height=\"720\" src=\"https:\/\/yucelgulec.co.uk\/wp-content\/uploads\/2025\/06\/tile4.png\" class=\"attachment-full size-full wp-image-1099\" alt=\"\" srcset=\"https:\/\/yucelgulec.co.uk\/wp-content\/uploads\/2025\/06\/tile4.png 1280w, https:\/\/yucelgulec.co.uk\/wp-content\/uploads\/2025\/06\/tile4-300x169.png 300w, https:\/\/yucelgulec.co.uk\/wp-content\/uploads\/2025\/06\/tile4-1024x576.png 1024w, https:\/\/yucelgulec.co.uk\/wp-content\/uploads\/2025\/06\/tile4-768x432.png 768w\" sizes=\"(max-width: 1280px) 100vw, 1280px\" \/>\t\t\t\t\t\t\t\t\t\t\t\t\t\t\t<\/div>\n\t\t\t\t<div class=\"elementor-element elementor-element-56cb508 elementor-widget elementor-widget-image\" data-id=\"56cb508\" data-element_type=\"widget\" data-widget_type=\"image.default\">\n\t\t\t\t\t\t\t\t\t\t\t\t\t\t\t<img loading=\"lazy\" decoding=\"async\" width=\"1560\" height=\"1157\" src=\"https:\/\/yucelgulec.co.uk\/wp-content\/uploads\/2025\/06\/tile6.png\" class=\"attachment-full size-full wp-image-1097\" alt=\"\" srcset=\"https:\/\/yucelgulec.co.uk\/wp-content\/uploads\/2025\/06\/tile6.png 1560w, https:\/\/yucelgulec.co.uk\/wp-content\/uploads\/2025\/06\/tile6-300x223.png 300w, https:\/\/yucelgulec.co.uk\/wp-content\/uploads\/2025\/06\/tile6-1024x759.png 1024w, https:\/\/yucelgulec.co.uk\/wp-content\/uploads\/2025\/06\/tile6-768x570.png 768w, https:\/\/yucelgulec.co.uk\/wp-content\/uploads\/2025\/06\/tile6-1536x1139.png 1536w\" sizes=\"(max-width: 1560px) 100vw, 1560px\" \/>\t\t\t\t\t\t\t\t\t\t\t\t\t\t\t<\/div>\n\t\t\t\t<div class=\"elementor-element elementor-element-1a1ad23 elementor-widget elementor-widget-image\" data-id=\"1a1ad23\" data-element_type=\"widget\" data-widget_type=\"image.default\">\n\t\t\t\t\t\t\t\t\t\t\t\t\t\t\t<img loading=\"lazy\" decoding=\"async\" width=\"1536\" height=\"1139\" src=\"https:\/\/yucelgulec.co.uk\/wp-content\/uploads\/2025\/06\/tile7.png\" class=\"attachment-2048x2048 size-2048x2048 wp-image-1102\" alt=\"\" srcset=\"https:\/\/yucelgulec.co.uk\/wp-content\/uploads\/2025\/06\/tile7.png 1536w, https:\/\/yucelgulec.co.uk\/wp-content\/uploads\/2025\/06\/tile7-300x222.png 300w, https:\/\/yucelgulec.co.uk\/wp-content\/uploads\/2025\/06\/tile7-1024x759.png 1024w, https:\/\/yucelgulec.co.uk\/wp-content\/uploads\/2025\/06\/tile7-768x570.png 768w\" sizes=\"(max-width: 1536px) 100vw, 1536px\" \/>\t\t\t\t\t\t\t\t\t\t\t\t\t\t\t<\/div>\n\t\t\t\t<div class=\"elementor-element elementor-element-1fd9ca0 elementor-widget-divider--view-line elementor-widget elementor-widget-divider\" data-id=\"1fd9ca0\" data-element_type=\"widget\" data-widget_type=\"divider.default\">\n\t\t\t\t\t\t\t<div class=\"elementor-divider\">\n\t\t\t<span class=\"elementor-divider-separator\">\n\t\t\t\t\t\t<\/span>\n\t\t<\/div>\n\t\t\t\t\t\t<\/div>\n\t\t\t\t\t<\/div>\n\t\t\t\t<\/div>\n\t\t<div class=\"elementor-element elementor-element-86e8f57 e-flex e-con-boxed e-con e-parent\" data-id=\"86e8f57\" data-element_type=\"container\" id=\"112233\" data-settings=\"{&quot;background_background&quot;:&quot;classic&quot;}\">\n\t\t\t\t\t<div class=\"e-con-inner\">\n\t\t\t\t<div class=\"elementor-element elementor-element-c307ab1 elementor-widget elementor-widget-image\" data-id=\"c307ab1\" data-element_type=\"widget\" data-widget_type=\"image.default\">\n\t\t\t\t\t\t\t\t\t\t\t\t\t\t\t<img loading=\"lazy\" decoding=\"async\" width=\"800\" height=\"566\" src=\"https:\/\/yucelgulec.co.uk\/wp-content\/uploads\/2025\/06\/OM2-1024x724.png\" class=\"attachment-large size-large wp-image-1106\" alt=\"\" srcset=\"https:\/\/yucelgulec.co.uk\/wp-content\/uploads\/2025\/06\/OM2-1024x724.png 1024w, https:\/\/yucelgulec.co.uk\/wp-content\/uploads\/2025\/06\/OM2-300x212.png 300w, https:\/\/yucelgulec.co.uk\/wp-content\/uploads\/2025\/06\/OM2-768x543.png 768w, https:\/\/yucelgulec.co.uk\/wp-content\/uploads\/2025\/06\/OM2-1536x1086.png 1536w, https:\/\/yucelgulec.co.uk\/wp-content\/uploads\/2025\/06\/OM2.png 1836w\" sizes=\"(max-width: 800px) 100vw, 800px\" \/>\t\t\t\t\t\t\t\t\t\t\t\t\t\t\t<\/div>\n\t\t<div class=\"elementor-element elementor-element-6d75dbb e-con-full e-flex e-con e-child\" data-id=\"6d75dbb\" data-element_type=\"container\">\n\t\t\t\t<div class=\"elementor-element elementor-element-a8fc852 elementor-widget elementor-widget-image\" data-id=\"a8fc852\" data-element_type=\"widget\" data-widget_type=\"image.default\">\n\t\t\t\t\t\t\t\t\t\t\t\t\t\t\t<img loading=\"lazy\" decoding=\"async\" width=\"800\" height=\"566\" src=\"https:\/\/yucelgulec.co.uk\/wp-content\/uploads\/2025\/06\/OM1-1024x724.png\" class=\"attachment-large size-large wp-image-1107\" alt=\"\" srcset=\"https:\/\/yucelgulec.co.uk\/wp-content\/uploads\/2025\/06\/OM1-1024x724.png 1024w, https:\/\/yucelgulec.co.uk\/wp-content\/uploads\/2025\/06\/OM1-300x212.png 300w, https:\/\/yucelgulec.co.uk\/wp-content\/uploads\/2025\/06\/OM1-768x543.png 768w, https:\/\/yucelgulec.co.uk\/wp-content\/uploads\/2025\/06\/OM1.png 1488w\" sizes=\"(max-width: 800px) 100vw, 800px\" \/>\t\t\t\t\t\t\t\t\t\t\t\t\t\t\t<\/div>\n\t\t\t\t<\/div>\n\t\t\t\t<div class=\"elementor-element elementor-element-02b38fd elementor-widget elementor-widget-image\" data-id=\"02b38fd\" data-element_type=\"widget\" data-widget_type=\"image.default\">\n\t\t\t\t\t\t\t\t\t\t\t\t\t\t\t<img loading=\"lazy\" decoding=\"async\" width=\"800\" height=\"566\" src=\"https:\/\/yucelgulec.co.uk\/wp-content\/uploads\/2025\/06\/OM1-1024x724.png\" class=\"attachment-large size-large wp-image-1107\" alt=\"\" srcset=\"https:\/\/yucelgulec.co.uk\/wp-content\/uploads\/2025\/06\/OM1-1024x724.png 1024w, https:\/\/yucelgulec.co.uk\/wp-content\/uploads\/2025\/06\/OM1-300x212.png 300w, https:\/\/yucelgulec.co.uk\/wp-content\/uploads\/2025\/06\/OM1-768x543.png 768w, https:\/\/yucelgulec.co.uk\/wp-content\/uploads\/2025\/06\/OM1.png 1488w\" sizes=\"(max-width: 800px) 100vw, 800px\" \/>\t\t\t\t\t\t\t\t\t\t\t\t\t\t\t<\/div>\n\t\t\t\t<div class=\"elementor-element elementor-element-92352e7 elementor-widget-divider--view-line elementor-widget elementor-widget-divider\" data-id=\"92352e7\" data-element_type=\"widget\" data-widget_type=\"divider.default\">\n\t\t\t\t\t\t\t<div class=\"elementor-divider\">\n\t\t\t<span class=\"elementor-divider-separator\">\n\t\t\t\t\t\t<\/span>\n\t\t<\/div>\n\t\t\t\t\t\t<\/div>\n\t\t\t\t\t<\/div>\n\t\t\t\t<\/div>\n\t\t<div class=\"elementor-element elementor-element-8738977 e-grid e-con-boxed e-con e-parent\" data-id=\"8738977\" data-element_type=\"container\" id=\"12234\" data-settings=\"{&quot;background_background&quot;:&quot;classic&quot;}\">\n\t\t\t\t\t<div class=\"e-con-inner\">\n\t\t\t\t<div class=\"elementor-element elementor-element-77ffb4f elementor-widget elementor-widget-image\" data-id=\"77ffb4f\" data-element_type=\"widget\" data-widget_type=\"image.default\">\n\t\t\t\t\t\t\t\t\t\t\t\t\t\t\t<img loading=\"lazy\" decoding=\"async\" width=\"768\" height=\"1152\" src=\"https:\/\/yucelgulec.co.uk\/wp-content\/uploads\/2025\/06\/peony-768x1152.jpg\" class=\"attachment-medium_large size-medium_large wp-image-1108\" alt=\"\" srcset=\"https:\/\/yucelgulec.co.uk\/wp-content\/uploads\/2025\/06\/peony-768x1152.jpg 768w, https:\/\/yucelgulec.co.uk\/wp-content\/uploads\/2025\/06\/peony-200x300.jpg 200w, https:\/\/yucelgulec.co.uk\/wp-content\/uploads\/2025\/06\/peony-683x1024.jpg 683w, https:\/\/yucelgulec.co.uk\/wp-content\/uploads\/2025\/06\/peony-1024x1536.jpg 1024w, https:\/\/yucelgulec.co.uk\/wp-content\/uploads\/2025\/06\/peony-1365x2048.jpg 1365w, https:\/\/yucelgulec.co.uk\/wp-content\/uploads\/2025\/06\/peony-scaled.jpg 1707w\" sizes=\"(max-width: 768px) 100vw, 768px\" \/>\t\t\t\t\t\t\t\t\t\t\t\t\t\t\t<\/div>\n\t\t\t\t\t<\/div>\n\t\t\t\t<\/div>\n\t\t\t\t<\/div>\n\t\t","protected":false},"excerpt":{"rendered":"<p>back other men&#8217;s flowers from my mother&#8217;s garden y\u00fccel g\u00fcle\u00e7 cv projects 23rd march 1998 was the day i received my first camera; it wasn&#8217;t absolutely by chance &#8211; to avoid a disappointed kid on birthdays, my mother would suggest i select three items from the Index catalogue, resulting in the end gift being somewhat [&hellip;]<\/p>\n","protected":false},"author":1,"featured_media":0,"parent":8,"menu_order":0,"comment_status":"closed","ping_status":"closed","template":"elementor_header_footer","meta":{"footnotes":""},"_links":{"self":[{"href":"https:\/\/yucelgulec.co.uk\/index.php\/wp-json\/wp\/v2\/pages\/386"}],"collection":[{"href":"https:\/\/yucelgulec.co.uk\/index.php\/wp-json\/wp\/v2\/pages"}],"about":[{"href":"https:\/\/yucelgulec.co.uk\/index.php\/wp-json\/wp\/v2\/types\/page"}],"author":[{"embeddable":true,"href":"https:\/\/yucelgulec.co.uk\/index.php\/wp-json\/wp\/v2\/users\/1"}],"replies":[{"embeddable":true,"href":"https:\/\/yucelgulec.co.uk\/index.php\/wp-json\/wp\/v2\/comments?post=386"}],"version-history":[{"count":194,"href":"https:\/\/yucelgulec.co.uk\/index.php\/wp-json\/wp\/v2\/pages\/386\/revisions"}],"predecessor-version":[{"id":1111,"href":"https:\/\/yucelgulec.co.uk\/index.php\/wp-json\/wp\/v2\/pages\/386\/revisions\/1111"}],"up":[{"embeddable":true,"href":"https:\/\/yucelgulec.co.uk\/index.php\/wp-json\/wp\/v2\/pages\/8"}],"wp:attachment":[{"href":"https:\/\/yucelgulec.co.uk\/index.php\/wp-json\/wp\/v2\/media?parent=386"}],"curies":[{"name":"wp","href":"https:\/\/api.w.org\/{rel}","templated":true}]}}